9 divide 8927?
True
Does 12 divide 2052?
True
Does 33 divide 2871?
True
Is 587 a multiple of 23?
False
Is 9420 a multiple of 3?
True
Is 9 a factor of 261?
True
Does 6 divide 10935?
False
Is 5080 a multiple of 45?
False
Is 39456 a multiple of 96?
True
Is 9702 a multiple of 33?
True
Is 1820 a multiple of 35?
True
Is 9 a factor of 12879?
True
Is 6894 a multiple of 84?
False
Is 21150 a multiple of 29?
False
Is 95 a factor of 2758?
False
Is 9 a factor of 26604?
True
Does 26 divide 2295?
False
Does 2 divide 74?
True
Is 15 a factor of 7455?
True
Is 15 a factor of 2247?
False
Is 3 a factor of 8215?
False
Is 27432 a multiple of 27?
True
Is 32 a factor of 32128?
True
Is 12402 a multiple of 4?
False
Is 254 a multiple of 14?
False
Is 15114 a multiple of 66?
True
Does 8 divide 781?
False
Is 40 a factor of 359?
False
Is 2368 a multiple of 74?
True
Does 128 divide 8043?
False
Is 1240 a multiple of 14?
False
Is 574 a multiple of 41?
True
Is 30 a factor of 240?
True
Does 3 divide 154?
False
Is 6 a factor of 84?
True
Is 683 a multiple of 7?
False
Is 88 a factor of 352?
True
Does 38 divide 21242?
True
Does 112 divide 209?
False
Is 53428 a multiple of 124?
False
Does 108 divide 4752?
True
Does 16 divide 752?
True
Does 49 divide 28119?
False
Does 15 divide 6315?
True
Is 59 a factor of 629?
False
Is 22 a factor of 28424?
True
Does 7 divide 448?
True
Is 26497 a multiple of 152?
False
Is 926 a multiple of 33?
False
Is 53 a multiple of 45?
False
Is 8 a factor of 3128?
True
Does 8 divide 352?
True
Is 72 a factor of 3872?
False
Is 2 a factor of 1742?
True
Does 5 divide 35810?
True
Is 41 a factor of 23545?
False
Is 14 a factor of 59768?
False
Is 42160 a multiple of 62?
True
Is 202 a factor of 29657?
False
Is 4989 a multiple of 38?
False
Is 9 a factor of 2199?
False
Is 43 a factor of 2864?
False
Does 2 divide 1168?
True
Is 14 a factor of 29876?
True
Is 41 a factor of 82?
True
Is 47056 a multiple of 173?
True
Is 201 a factor of 21917?
False
Does 57 divide 98667?
True
Is 224 a multiple of 13?
False
Does 3 divide 43?
False
Is 3538 a multiple of 57?
False
Is 169 a multiple of 13?
True
Does 57 divide 969?
True
Does 52 divide 942?
False
Is 15 a factor of 1048?
False
Does 27 divide 23112?
True
Is 5912 a multiple of 47?
False
Is 1036 a multiple of 37?
True
Is 529 a multiple of 13?
False
Is 7 a factor of 1477?
True
Is 21882 a multiple of 11?
False
Is 17 a factor of 1100?
False
Is 8 a factor of 627?
False
Is 154 a multiple of 4?
False
Does 27 divide 545?
False
Is 7144 a multiple of 76?
True
Does 66 divide 6138?
True
Is 15430 a multiple of 10?
True
Is 4 a factor of 610?
False
Is 14 a factor of 24906?
True
Is 5 a factor of 270?
True
Does 41 divide 42025?
True
Does 36 divide 10980?
True
Is 4095 a multiple of 39?
True
Is 14 a factor of 664?
False
Is 4968 a multiple of 18?
True
Is 3801 a multiple of 15?
False
Is 69 a factor of 30954?
False
Is 24 a factor of 264?
True
Does 25 divide 50?
True
Is 28764 a multiple of 7?
False
Is 9 a factor of 1404?
True
Is 8 a factor of 96?
True
Is 23 a factor of 1901?
False
Does 4 divide 948?
True
Does 15 divide 469?
False
Does 79 divide 1548?
False
Is 92870 a multiple of 17?
False
Does 28 divide 12740?
True
Is 13 a factor of 3523?
True
Does 5 divide 730?
True
Does 36 divide 9355?
False
Is 12 a factor of 718?
False
Is 4189 a multiple of 71?
True
Is 194 a factor of 10777?
False
Is 136 a multiple of 8?
True
Is 27 a factor of 3350?
False
Does 63 divide 1026?
False
Is 60 a multiple of 3?
True
Is 33 a factor of 33?
True
Does 15 divide 1270?
False
Is 868 a multiple of 7?
True
Is 870 a multiple of 30?
True
Is 14 a factor of 182?
True
Is 20 a factor of 528?
False
Is 42 a factor of 34240?
False
Does 269 divide 17466?
False
Is 2150 a multiple of 3?
False
Is 8094 a multiple of 19?
True
Is 64362 a multiple of 20?
False
Does 8 divide 280?
True
Does 20 divide 560?
True
Is 68 a factor of 1632?
True
Does 59 divide 22951?
True
Does 17 divide 587?
False
Is 50 a multiple of 11?
False
Is 2 a factor of 3880?
True
Is 17 a factor of 1207?
True
Does 3 divide 60?
True
Does 5 divide 1034?
False
Is 63 a factor of 3700?
False
Does 46 divide 21389?
False
Is 301 a factor of 30518?
False
Is 18 a factor of 7938?
True
Is 31 a factor of 1437?
False
Is 2073 a multiple of 77?
False
Does 37 divide 1924?
True
Is 30 a factor of 38915?
False
Is 13144 a multiple of 30?
False
Is 1067 a multiple of 5?
False
Does 14 divide 25325?
False
Is 440 a multiple of 40?
True
Is 8 a factor of 852?
False
Is 38 a factor of 18204?
False
Does 13 divide 2626?
True
Is 23 a factor of 614?
False
Does 31 divide 16094?
False
Does 46 divide 368?
True
Does 65 divide 3185?
True
Is 16 a factor of 295?
False
Is 41 a factor of 2312?
False
Does 22 divide 504?
False
Is 29 a factor of 638?
True
Does 22 divide 755?
False
Does 6 divide 2185?
False
Does 13 divide 4641?
True
Is 68 a factor of 835?
False
Does 90 divide 1788?
False
Does 50 divide 50?
True
Does 41 divide 18166?
False
Does 56 divide 601?
False
Is 24 a factor of 4152?
True
Is 95 a multiple of 5?
True
Is 272 a multiple of 8?
True
Is 1551 a multiple of 43?
False
Is 65 a factor of 1145?
False
Is 78 a factor of 2106?
True
Is 126 a multiple of 9?
True
Is 3105 a multiple of 21?
False
Is 28 a factor of 16113?
False
Is 7819 a multiple of 96?
False
Is 3256 a multiple of 22?
True
Is 42 a factor of 2240?
False
Does 18 divide 8473?
False
Does 13 divide 2613?
True
Is 357 a multiple of 36?
False
Does 56 divide 1687?
False
Is 32298 a multiple of 14?
True
Does 13 divide 28429?
False
Is 10582 a multiple of 228?
False
Does 2 divide 108?
True
Is 96 a multiple of 6?
True
Does 15 divide 82605?
True
Does 23 divide 31744?
False
Does 7 divide 5548?
False
Does 12 divide 1848?
True
Is 13951 a multiple of 11?
False
Is 41399 a multiple of 14?
False
Is 14 a factor of 7980?
True
Is 30 a factor of 1710?
True
Does 68 divide 19469?
False
Is 480 a multiple of 60?
True
Is 5650 a multiple of 10?
True
Is 5 a factor of 1997?
False
Is 19 a factor of 37468?
True
Is 1647 a multiple of 18?
False
Is 11 a factor of 1298?
True
Is 280 a factor of 60200?
True
Is 17 a factor of 1207?
True
Does 51 divide 9609?
False
Is 3864 a multiple of 161?
True
Is 2025 a multiple of 15?
True
Is 30 a multiple of 6?
True
Is 1352 a multiple of 80?
False
Is 28 a factor of 9375?
False
Is 180 a multiple of 10?
True
Does 37 divide 4218?
True
Is 12 a factor of 300?
True
Does 26 divide 50050?
True
Is 7486 a multiple of 197?
True
Is 72268 a multiple of 58?
True
Is 19 a factor of 31413?
False
Is 372 a multiple of 7?
False
Does 21 divide 57?
False
Is 8 a factor of 128?
True
Is 7 a factor of 11739?
True
Is 6240 a multiple of 20?
True
Is 83 a factor of 3320?
True
Is 13 a factor of 620?
False
Is 534 a multiple of 13?
False
Is 1390 a multiple of 5?
True
Is 15399 a multiple of 11?
False
Is 528 a multiple of 11?
True
Is 6 a factor of 5934?
True
Is 65 a factor of 910?
True
Is 4316 a multiple of 17?
False
Does 23 divide 6141?
True
Is 34 a factor of 578?
True
Is 10080 a multiple of 20?
True
Is 1254 a multiple of 22?
True
Does 65 divide 1583?
False
Is 68 a factor of 601?
False
Is 10388 a multiple of 49?
True
Is 5 a factor of 1825?
True
Is 1286 a multiple of 8?
False
Does 174 divide 845?
False
Is 50 a factor of 5322?
False
Is 22 a factor of 10876?
False
Is 113 a factor of 16724?
True
Is 16 a factor of 72640?
True
Does 101 divide 2020?
True
Does 136 divide 40533?
False
Does 8 divide 32788?
False
Is 12 a factor of 7139?
False
Does 251 divide 4518?
True
Does 71 divide 852?
True
Is 3699 a multiple of 9?
True
Does 21 divide 950?
False
Is 205 a factor of 17502?
False
Does 95 divide 757?
False
Does 14 divide 258?
False
Is 23 a factor of 43447?
True
Is 232 a multiple of 10?
False
Is 40 a factor of 3440?
True
Does 122 divide 6222?
True
Does 2 divide 3019?
False
Is 1782 a multiple of 27?
True
Does 46 divide 19550?
True
Is 50 a factor of 6700?
True
Does 9 divide 2673?
True
Is 1001 a multiple of 13?
True
Does 13 divide 775?
False
Is 24 a factor of 1264?
False
Is 41 a factor of 1110?
False
Is 3030 a multiple of 30?
True
Is 5492 a multiple of 58?
False
Does 6 divide 13848?
True
Is 13 a factor of 442?
True
Does 8 divide 263?
False
Is 16 a factor of 274?
False
Is 8 a factor of 4207?
False
Is 2 a factor of 745?
False
Does 4 divide 836?
True
Is 9 a factor of 1107?
Tru